{"id":5,"date":"2010-08-19T21:07:22","date_gmt":"2010-08-19T21:07:22","guid":{"rendered":"http:\/\/opelgt.se\/?page_id=5"},"modified":"2024-05-08T10:57:05","modified_gmt":"2024-05-08T08:57:05","slug":"hem","status":"publish","type":"page","link":"https:\/\/opelgt.se\/","title":{"rendered":"Hem"},"content":{"rendered":"<p><strong><a href=\"http:\/\/opelgt.se\/?attachment_id=25\" rel=\"attachment wp-att-25\">\u00a0\u00a0\u00a0\u00a0\u00a0\u00a0\u00a0\u00a0\u00a0\u00a0\u00a0\u00a0\u00a0\u00a0\u00a0\u00a0\u00a0\u00a0\u00a0\u00a0\u00a0\u00a0\u00a0\u00a0\u00a0\u00a0<\/a><a href=\"http:\/\/opelgt.se\/wp-content\/uploads\/2010\/08\/logga_old.jpg\"><img loading=\"lazy\" decoding=\"async\" class=\"alignnone size-full wp-image-6\" src=\"http:\/\/opelgt.se\/wp-content\/uploads\/2010\/08\/logga_old.jpg\" alt=\"Logga Club OpelGT Schweden\" width=\"189\" height=\"189\" srcset=\"https:\/\/opelgt.se\/wp-content\/uploads\/2010\/08\/logga_old.jpg 189w, https:\/\/opelgt.se\/wp-content\/uploads\/2010\/08\/logga_old-150x150.jpg 150w, https:\/\/opelgt.se\/wp-content\/uploads\/2010\/08\/logga_old-64x64.jpg 64w\" sizes=\"auto, (max-width: 189px) 100vw, 189px\" \/><\/a>\u00a0\u00a0\u00a0\u00a0\u00a0\u00a0\u00a0\u00a0\u00a0\u00a0\u00a0\u00a0\u00a0\u00a0\u00a0\u00a0\u00a0\u00a0\u00a0\u00a0\u00a0\u00a0\u00a0\u00a0\u00a0\u00a0\u00a0\u00a0\u00a0\u00a0\u00a0\u00a0\u00a0\u00a0\u00a0\u00a0\u00a0\u00a0\u00a0\u00a0\u00a0\u00a0\u00a0\u00a0\u00a0\u00a0\u00a0\u00a0\u00a0\u00a0\u00a0\u00a0\u00a0\u00a0\u00a0\u00a0\u00a0\u00a0\u00a0\u00a0\u00a0\u00a0\u00a0\u00a0\u00a0\u00a0\u00a0\u00a0\u00a0\u00a0\u00a0\u00a0\u00a0\u00a0\u00a0\u00a0\u00a0\u00a0\u00a0\u00a0\u00a0\u00a0\u00a0\u00a0\u00a0\u00a0\u00a0\u00a0\u00a0\u00a0\u00a0\u00a0\u00a0\u00a0\u00a0\u00a0\u00a0\u00a0\u00a0\u00a0\u00a0\u00a0\u00a0\u00a0\u00a0\u00a0\u00a0\u00a0\u00a0\u00a0\u00a0\u00a0\u00a0\u00a0\u00a0\u00a0\u00a0\u00a0\u00a0\u00a0\u00a0\u00a0\u00a0\u00a0\u00a0\u00a0\u00a0\u00a0\u00a0\u00a0\u00a0\u00a0\u00a0\u00a0\u00a0\u00a0\u00a0\u00a0\u00a0\u00a0\u00a0\u00a0\u00a0\u00a0\u00a0\u00a0\u00a0\u00a0\u00a0\u00a0\u00a0\u00a0\u00a0\u00a0\u00a0\u00a0\u00a0\u00a0\u00a0\u00a0\u00a0\u00a0 <a href=\"http:\/\/opelgt.se\/wp-content\/uploads\/2010\/08\/logga_rygg-300x1021.jpg\"><img loading=\"lazy\" decoding=\"async\" class=\" size-full wp-image-213 alignnone\" src=\"http:\/\/opelgt.se\/wp-content\/uploads\/2010\/08\/logga_rygg-300x1021.jpg\" alt=\"logga_rygg-300x102\" width=\"127\" height=\"57\" \/><\/a><a href=\"http:\/\/opelgt.se\/wp-content\/uploads\/2010\/08\/ny-logga7.jpg\"><img loading=\"lazy\" decoding=\"async\" class=\" size-medium wp-image-217 aligncenter\" src=\"http:\/\/opelgt.se\/wp-content\/uploads\/2010\/08\/ny-logga7-300x161.jpg\" alt=\"ny logga7\" width=\"300\" height=\"161\" srcset=\"https:\/\/opelgt.se\/wp-content\/uploads\/2010\/08\/ny-logga7-300x161.jpg 300w, https:\/\/opelgt.se\/wp-content\/uploads\/2010\/08\/ny-logga7.jpg 965w\" sizes=\"auto, (max-width: 300px) 100vw, 300px\" \/><\/a><\/strong><\/p>\n<p>V\u00e4lkommen till Club Opel GT Schweden!<\/p>\n<p>F\u00f6rutom all information om klubben som finns under respektive l\u00e4nk s\u00e5 har vi ett forum samt ett bildgalleri. Under forumet finner ni \u00e4ven k\u00f6pes\/s\u00e4ljes d\u00e4r registrerade medlemmar kan l\u00e4gga in annonser.<br \/>\nF\u00f6rra \u00e5rets \u00e5rsm\u00f6te genomf\u00f6rdes p\u00e5 Sundbyholm 21-23\/7.<br \/>\n\u00c5rets tr\u00e4ff blir p\u00e5 \u00d6sterlen, L\u00f6derups Camping med omnejd, missa inte det!<\/p>\n<p><span style=\"color: #ff00ff;\"><em><strong><span style=\"color: #000000;\">Missa inte:<\/span><\/strong><\/em>\u00a0<a style=\"color: #ff00ff;\" href=\"https:\/\/www.facebook.com\/groups\/1440886075958621\/\" target=\"_blank\" rel=\"noopener noreferrer\">Opel GT-klubbens Facebooksida <\/a><\/span><\/p>\n<p>eller instagram: <a href=\"https:\/\/www.instagram.com\/clubopelgtschweden\/\" target=\"_blank\" rel=\"noopener noreferrer\">https:\/\/www.instagram.com\/clubopelgtschweden\/<\/a><\/p>\n","protected":false},"excerpt":{"rendered":"<p>\u00a0\u00a0\u00a0\u00a0\u00a0\u00a0\u00a0\u00a0\u00a0\u00a0\u00a0\u00a0\u00a0\u00a0\u00a0\u00a0\u00a0\u00a0\u00a0\u00a0\u00a0\u00a0\u00a0\u00a0\u00a0\u00a0\u00a0\u00a0\u00a0\u00a0\u00a0\u00a0\u00a0\u00a0\u00a0\u00a0\u00a0\u00a0\u00a0\u00a0\u00a0\u00a0\u00a0\u00a0\u00a0\u00a0\u00a0\u00a0\u00a0\u00a0\u00a0\u00a0\u00a0\u00a0\u00a0\u00a0\u00a0\u00a0\u00a0\u00a0\u00a0\u00a0\u00a0\u00a0\u00a0\u00a0\u00a0\u00a0\u00a0\u00a0\u00a0\u00a0\u00a0\u00a0\u00a0\u00a0\u00a0\u00a0\u00a0\u00a0\u00a0\u00a0\u00a0\u00a0\u00a0\u00a0\u00a0\u00a0\u00a0\u00a0\u00a0\u00a0\u00a0\u00a0\u00a0\u00a0\u00a0\u00a0\u00a0\u00a0\u00a0\u00a0\u00a0\u00a0\u00a0\u00a0\u00a0\u00a0\u00a0\u00a0\u00a0\u00a0\u00a0\u00a0\u00a0\u00a0\u00a0\u00a0\u00a0\u00a0\u00a0\u00a0\u00a0\u00a0\u00a0\u00a0\u00a0\u00a0\u00a0\u00a0\u00a0\u00a0\u00a0\u00a0\u00a0\u00a0\u00a0\u00a0\u00a0\u00a0\u00a0\u00a0\u00a0\u00a0\u00a0\u00a0\u00a0\u00a0\u00a0\u00a0\u00a0\u00a0\u00a0\u00a0\u00a0\u00a0\u00a0\u00a0\u00a0\u00a0\u00a0\u00a0\u00a0\u00a0\u00a0\u00a0\u00a0\u00a0\u00a0\u00a0\u00a0\u00a0\u00a0\u00a0\u00a0\u00a0\u00a0\u00a0\u00a0\u00a0\u00a0\u00a0\u00a0\u00a0\u00a0\u00a0\u00a0\u00a0 V\u00e4lkommen till Club Opel GT Schweden! F\u00f6rutom all information om klubben som finns under respektive l\u00e4nk s\u00e5 har vi ett forum samt ett bildgalleri. Under forumet finner ni \u00e4ven k\u00f6pes\/s\u00e4ljes d\u00e4r registrerade medlemmar kan l\u00e4gga in annonser. F\u00f6rra \u00e5rets \u00e5rsm\u00f6te genomf\u00f6rdes p\u00e5 Sundbyholm 21-23\/7. \u00c5rets tr\u00e4ff blir p\u00e5 \u00d6sterlen, L\u00f6derups Camping med omnejd, missa [&hellip;]<\/p>\n","protected":false},"author":1,"featured_media":213,"parent":0,"menu_order":0,"comment_status":"open","ping_status":"open","template":"","meta":{"ngg_post_thumbnail":0,"footnotes":"","_links_to":"","_links_to_target":""},"class_list":["post-5","page","type-page","status-publish","has-post-thumbnail","hentry","count-0","even alt","author-admin","last"],"_links":{"self":[{"href":"https:\/\/opelgt.se\/index.php?rest_route=\/wp\/v2\/pages\/5","targetHints":{"allow":["GET"]}}],"collection":[{"href":"https:\/\/opelgt.se\/index.php?rest_route=\/wp\/v2\/pages"}],"about":[{"href":"https:\/\/opelgt.se\/index.php?rest_route=\/wp\/v2\/types\/page"}],"author":[{"embeddable":true,"href":"https:\/\/opelgt.se\/index.php?rest_route=\/wp\/v2\/users\/1"}],"replies":[{"embeddable":true,"href":"https:\/\/opelgt.se\/index.php?rest_route=%2Fwp%2Fv2%2Fcomments&post=5"}],"version-history":[{"count":37,"href":"https:\/\/opelgt.se\/index.php?rest_route=\/wp\/v2\/pages\/5\/revisions"}],"predecessor-version":[{"id":319,"href":"https:\/\/opelgt.se\/index.php?rest_route=\/wp\/v2\/pages\/5\/revisions\/319"}],"wp:featuredmedia":[{"embeddable":true,"href":"https:\/\/opelgt.se\/index.php?rest_route=\/wp\/v2\/media\/213"}],"wp:attachment":[{"href":"https:\/\/opelgt.se\/index.php?rest_route=%2Fwp%2Fv2%2Fmedia&parent=5"}],"curies":[{"name":"wp","href":"https:\/\/api.w.org\/{rel}","templated":true}]}}